CRAN Package Check Results for Package BayesComm

Last updated on 2019-12-08 23:47:16 CET.

Flavor Version Tinstall Tcheck Ttotal Status Flags
r-devel-linux-x86_64-debian-clang 0.1-2 45.90 30.02 75.92 OK
r-devel-linux-x86_64-debian-gcc 0.1-2 30.64 23.29 53.93 OK
r-devel-linux-x86_64-fedora-clang 0.1-2 99.89 NOTE
r-devel-linux-x86_64-fedora-gcc 0.1-2 92.98 NOTE
r-devel-windows-ix86+x86_64 0.1-2 92.00 63.00 155.00 OK
r-devel-windows-ix86+x86_64-gcc8 0.1-2 96.00 68.00 164.00 OK
r-patched-linux-x86_64 0.1-2 34.89 27.61 62.50 OK
r-patched-solaris-x86 0.1-2 102.40 OK
r-release-linux-x86_64 0.1-2 34.26 26.91 61.17 OK
r-release-windows-ix86+x86_64 0.1-2 98.00 61.00 159.00 OK
r-release-osx-x86_64 0.1-2 OK
r-oldrel-windows-ix86+x86_64 0.1-2 65.00 86.00 151.00 OK
r-oldrel-osx-x86_64 0.1-2 OK

Check Details

Version: 0.1-2
Check: compiled code
Result: NOTE
    File ‘BayesComm/libs/BayesComm.so’:
     Found no calls to: ‘R_registerRoutines’, ‘R_useDynamicSymbols’
    
    It is good practice to register native routines and to disable symbol
    search.
    
    See ‘Writing portable packages’ in the ‘Writing R Extensions’ manual.
Flavors: r-devel-linux-x86_64-fedora-clang, r-devel-linux-x86_64-fedora-gcc