CRAN Package Check Results for Package BTSPAS

Last updated on 2022-11-25 22:51:28 CET.

Flavor Version Tinstall Tcheck Ttotal Status Flags
r-devel-linux-x86_64-debian-clang 2021.11.2 13.47 111.25 124.72 OK
r-devel-linux-x86_64-debian-gcc 2021.11.2 9.11 81.61 90.72 OK
r-devel-linux-x86_64-fedora-clang 2021.11.2 169.18 NOTE
r-devel-linux-x86_64-fedora-gcc 2021.11.2 156.34 OK
r-devel-windows-x86_64 2021.11.2 44.00 133.00 177.00 NOTE
r-patched-linux-x86_64 2021.11.2 OK
r-release-linux-x86_64 2021.11.2 8.57 100.71 109.28 OK
r-release-macos-arm64 2021.11.2 49.00 NOTE
r-release-macos-x86_64 2021.11.2 59.00 NOTE
r-release-windows-x86_64 2021.11.2 34.00 138.00 172.00 NOTE
r-oldrel-macos-arm64 2021.11.2 42.00 NOTE
r-oldrel-macos-x86_64 2021.11.2 61.00 NOTE
r-oldrel-windows-ix86+x86_64 2021.11.2 26.00 125.00 151.00 NOTE

Check Details

Version: 2021.11.2
Check: installed package size
Result: NOTE
     installed size is 5.3Mb
     sub-directories of 1Mb or more:
     doc 4.9Mb
Flavors: r-devel-linux-x86_64-fedora-clang, r-devel-windows-x86_64, r-release-macos-arm64, r-release-macos-x86_64, r-release-windows-x86_64, r-oldrel-macos-arm64, r-oldrel-macos-x86_64, r-oldrel-windows-ix86+x86_64