CRAN Package Check Results for Package BMRV

Last updated on 2022-07-05 23:55:35 CEST.

Flavor Version Tinstall Tcheck Ttotal Status Flags
r-devel-linux-x86_64-debian-clang 1.32 27.09 38.24 65.33 OK
r-devel-linux-x86_64-debian-gcc 1.32 23.93 29.81 53.74 OK
r-devel-linux-x86_64-fedora-clang 1.32 96.10 NOTE
r-devel-linux-x86_64-fedora-gcc 1.32 91.20 NOTE
r-devel-windows-x86_64 1.32 26.00 81.00 107.00 OK
r-patched-linux-x86_64 1.32 28.81 36.38 65.19 OK
r-release-linux-x86_64 1.32 27.40 36.52 63.92 OK
r-release-macos-arm64 1.32 30.00 OK
r-release-macos-x86_64 1.32 40.00 OK
r-release-windows-x86_64 1.32 29.00 78.00 107.00 OK
r-oldrel-macos-arm64 1.32 37.00 OK
r-oldrel-macos-x86_64 1.32 52.00 OK
r-oldrel-windows-ix86+x86_64 1.32 52.00 88.00 140.00 OK

Check Details

Version: 1.32
Check: compiled code
Result: NOTE
    File ‘BMRV/libs/BMRV.so’:
     Found no calls to: ‘R_registerRoutines’, ‘R_useDynamicSymbols’
    
    It is good practice to register native routines and to disable symbol
    search.
    
    See ‘Writing portable packages’ in the ‘Writing R Extensions’ manual.
Flavors: r-devel-linux-x86_64-fedora-clang, r-devel-linux-x86_64-fedora-gcc