CRAN Package Check Results for Package BMRMM

Last updated on 2022-08-06 22:56:31 CEST.

Flavor Version Tinstall Tcheck Ttotal Status Flags
r-devel-linux-x86_64-debian-clang 0.0.1 17.39 191.41 208.80 NOTE
r-devel-linux-x86_64-debian-gcc 0.0.1 15.55 136.52 152.07 NOTE
r-devel-linux-x86_64-fedora-clang 0.0.1 252.86 NOTE
r-devel-linux-x86_64-fedora-gcc 0.0.1 252.36 NOTE
r-devel-windows-x86_64 0.0.1 31.00 191.00 222.00 NOTE
r-patched-linux-x86_64 0.0.1 17.48 173.23 190.71 OK
r-release-linux-x86_64 0.0.1 16.23 176.97 193.20 OK
r-release-macos-arm64 0.0.1 74.00 OK
r-release-macos-x86_64 0.0.1 108.00 OK
r-release-windows-x86_64 0.0.1 23.00 193.00 216.00 OK
r-oldrel-macos-arm64 0.0.1 63.00 OK
r-oldrel-macos-x86_64 0.0.1 97.00 OK
r-oldrel-windows-ix86+x86_64 0.0.1 37.00 192.00 229.00 OK

Check Details

Version: 0.0.1
Check: package subdirectories
Result: NOTE
    Problems with news in 'NEWS.md':
    No news entries found.
Flavors: r-devel-linux-x86_64-debian-clang, r-devel-linux-x86_64-debian-gcc, r-devel-linux-x86_64-fedora-clang, r-devel-linux-x86_64-fedora-gcc, r-devel-windows-x86_64