CRAN Package Check Results for Package BH

Last updated on 2020-10-23 23:46:58 CEST.

Flavor Version Tinstall Tcheck Ttotal Status Flags
r-devel-linux-x86_64-debian-clang 1.72.0-3 22.74 39.12 61.86 OK
r-devel-linux-x86_64-debian-gcc 1.72.0-3 20.31 30.64 50.95 OK
r-devel-linux-x86_64-fedora-clang 1.72.0-3 62.80 NOTE
r-devel-linux-x86_64-fedora-gcc 1.72.0-3 55.41 OK
r-devel-windows-ix86+x86_64 1.72.0-3 65.00 48.00 113.00 NOTE
r-patched-linux-x86_64 1.72.0-3 23.65 38.06 61.71 OK
r-patched-solaris-x86 1.72.0-3 170.60 NOTE
r-release-linux-x86_64 1.72.0-3 24.42 37.98 62.40 OK
r-release-macos-x86_64 1.72.0-3 NOTE
r-release-windows-ix86+x86_64 1.72.0-3 68.00 58.00 126.00 NOTE
r-oldrel-macos-x86_64 1.72.0-3 NOTE
r-oldrel-windows-ix86+x86_64 1.72.0-3 143.00 108.00 251.00 NOTE

Check Details

Version: 1.72.0-3
Check: installed package size
Result: NOTE
     installed size is 135.0Mb
     sub-directories of 1Mb or more:
     include 134.9Mb
Flavors: r-devel-linux-x86_64-fedora-clang, r-devel-windows-ix86+x86_64, r-patched-solaris-x86, r-release-macos-x86_64, r-release-windows-ix86+x86_64, r-oldrel-macos-x86_64, r-oldrel-windows-ix86+x86_64