CRAN Package Check Results for Package BETS

Last updated on 2020-05-24 23:47:39 CEST.

Flavor Version Tinstall Tcheck Ttotal Status Flags
r-devel-linux-x86_64-debian-clang 0.4.9 18.74 118.25 136.99 OK
r-devel-linux-x86_64-debian-gcc 0.4.9 14.25 89.09 103.34 OK
r-devel-linux-x86_64-fedora-clang 0.4.9 162.82 NOTE
r-devel-linux-x86_64-fedora-gcc 0.4.9 160.51 OK
r-devel-windows-ix86+x86_64 0.4.9 56.00 179.00 235.00 OK
r-patched-linux-x86_64 0.4.9 18.43 114.89 133.32 OK
r-patched-solaris-x86 0.4.9 231.40 OK
r-release-linux-x86_64 0.4.9 17.02 112.88 129.90 OK
r-release-osx-x86_64 0.4.9 WARN
r-release-windows-ix86+x86_64 0.4.9 54.00 189.00 243.00 OK
r-oldrel-osx-x86_64 0.4.9 OK
r-oldrel-windows-ix86+x86_64 0.4.9 35.00 136.00 171.00 OK

Check Details

Version: 0.4.9
Check: package dependencies
Result: NOTE
    Imports includes 27 non-default packages.
    Importing from so many packages makes the package vulnerable to any of
    them becoming unavailable. Move as many as possible to Suggests and
    use conditionally.
Flavor: r-devel-linux-x86_64-fedora-clang

Version: 0.4.9
Check: whether the package can be unloaded cleanly
Result: WARN
    Error: package or namespace load failed for ‘BETS’ in dyn.load(file, DLLpath = DLLpath, ...):
     unable to load shared object '/Volumes/Builds/packages/high-sierra-x86_64/Rlib/4.0/RMySQL/libs/RMySQL.so':
     dlopen(/Volumes/Builds/packages/high-sierra-x86_64/Rlib/4.0/RMySQL/libs/RMySQL.so, 6): Symbol not found: _GSS_C_NT_USER_NAME
     Referenced from: /Volumes/Builds/packages/high-sierra-x86_64/Rlib/4.0/RMySQL/libs/RMySQL.so
     Expected in: flat namespace
     in /Volumes/Builds/packages/high-sierra-x86_64/Rlib/4.0/RMySQL/libs/RMySQL.so
    Execution halted
Flavor: r-release-osx-x86_64

Version: 0.4.9
Check: whether the namespace can be loaded with stated dependencies
Result: WARN
    Error in dyn.load(file, DLLpath = DLLpath, ...) :
     unable to load shared object '/Volumes/Builds/packages/high-sierra-x86_64/Rlib/4.0/RMySQL/libs/RMySQL.so':
     dlopen(/Volumes/Builds/packages/high-sierra-x86_64/Rlib/4.0/RMySQL/libs/RMySQL.so, 6): Symbol not found: _GSS_C_NT_USER_NAME
     Referenced from: /Volumes/Builds/packages/high-sierra-x86_64/Rlib/4.0/RMySQL/libs/RMySQL.so
     Expected in: flat namespace
     in /Volumes/Builds/packages/high-sierra-x86_64/Rlib/4.0/RMySQL/libs/RMySQL.so
    Calls: <Anonymous> ... namespaceImport -> loadNamespace -> library.dynam -> dyn.load
    Execution halted
    
    A namespace must be able to be loaded with just the base namespace
    loaded: otherwise if the namespace gets loaded by a saved object, the
    session will be unable to start.
    
    Probably some imports need to be declared in the NAMESPACE file.
Flavor: r-release-osx-x86_64

Version: 0.4.9
Check: dependencies in R code
Result: NOTE
    Error: package or namespace load failed for ‘BETS’ in dyn.load(file, DLLpath = DLLpath, ...):
     unable to load shared object '/Volumes/Builds/packages/high-sierra-x86_64/Rlib/4.0/RMySQL/libs/RMySQL.so':
     dlopen(/Volumes/Builds/packages/high-sierra-x86_64/Rlib/4.0/RMySQL/libs/RMySQL.so, 6): Symbol not found: _GSS_C_NT_USER_NAME
     Referenced from: /Volumes/Builds/packages/high-sierra-x86_64/Rlib/4.0/RMySQL/libs/RMySQL.so
     Expected in: flat namespace
     in /Volumes/Builds/packages/high-sierra-x86_64/Rlib/4.0/RMySQL/libs/RMySQL.so
    Call sequence:
    6: stop(msg, call. = FALSE, domain = NA)
    5: value[[3L]](cond)
    4: tryCatchOne(expr, names, parentenv, handlers[[1L]])
    3: tryCatchList(expr, classes, parentenv, handlers)
    2: tryCatch({
     attr(package, "LibPath") <- which.lib.loc
     ns <- loadNamespace(package, lib.loc)
     env <- attachNamespace(ns, pos = pos, deps, exclude, include.only)
     }, error = function(e) {
     P <- if (!is.null(cc <- conditionCall(e)))
     paste("
    Execution halted
Flavor: r-release-osx-x86_64