CRAN Package Check Results for Package BESTree

Last updated on 2023-03-27 00:50:19 CEST.

Flavor Version Tinstall Tcheck Ttotal Status Flags
r-devel-linux-x86_64-debian-clang 0.5.2 3.30 87.19 90.49 OK
r-devel-linux-x86_64-debian-gcc 0.5.2 2.56 61.78 64.34 OK
r-devel-linux-x86_64-fedora-gcc 0.5.2 120.05 NOTE
r-devel-windows-x86_64 0.5.2 16.00 106.00 122.00 OK
r-patched-linux-x86_64 0.5.2 3.34 83.83 87.17 OK
r-release-linux-x86_64 0.5.2 3.26 85.95 89.21 OK
r-release-macos-arm64 0.5.2 30.00 NOTE
r-release-macos-x86_64 0.5.2 41.00 NOTE
r-release-windows-x86_64 0.5.2 17.00 106.00 123.00 OK
r-oldrel-macos-arm64 0.5.2 34.00 NOTE
r-oldrel-macos-x86_64 0.5.2 61.00 NOTE
r-oldrel-windows-ix86+x86_64 0.5.2 6.00 119.00 125.00 OK

Check Details

Version: 0.5.2
Check: dependencies in R code
Result: NOTE
    Namespace in Imports field not imported from: ‘compiler’
     All declared Imports should be used.
Flavors: r-devel-linux-x86_64-fedora-gcc, r-release-macos-arm64, r-release-macos-x86_64, r-oldrel-macos-arm64, r-oldrel-macos-x86_64