Last updated on 2021-04-22 23:49:32 CEST.
Flavor | Version | Tinstall | Tcheck | Ttotal | Status | Flags |
---|---|---|---|---|---|---|
r-devel-linux-x86_64-debian-clang | 2.63 | 46.05 | 51.29 | 97.34 | OK | |
r-devel-linux-x86_64-debian-gcc | 2.63 | 37.07 | 40.00 | 77.07 | OK | |
r-devel-linux-x86_64-fedora-clang | 2.63 | 143.38 | NOTE | |||
r-devel-linux-x86_64-fedora-gcc | 2.63 | 129.74 | OK | |||
r-devel-windows-ix86+x86_64 | 2.63 | 99.00 | 82.00 | 181.00 | OK | |
r-devel-windows-x86_64-gcc10-UCRT | 2.63 | OK | ||||
r-patched-linux-x86_64 | 2.63 | 49.79 | 48.12 | 97.91 | WARN | |
r-patched-solaris-x86 | 2.63 | 152.70 | OK | |||
r-release-linux-x86_64 | 2.63 | 46.00 | 47.70 | 93.70 | OK | |
r-release-macos-x86_64 | 2.63 | OK | ||||
r-release-windows-ix86+x86_64 | 2.63 | 99.00 | 67.00 | 166.00 | OK | |
r-oldrel-macos-x86_64 | 2.63 | OK | ||||
r-oldrel-windows-ix86+x86_64 | 2.63 | 106.00 | 81.00 | 187.00 | OK |
Version: 2.63
Check: Rd cross-references
Result: NOTE
Undeclared packages ‘ssgraph’, ‘huge’ in Rd xrefs
Flavor: r-devel-linux-x86_64-fedora-clang
Version: 2.63
Check: whether package can be installed
Result: WARN
Found the following significant warnings:
Rd warning: /tmp/RtmpTFBVFf/R.INSTALL71f758de1e65/BDgraph/man/bdgraph.Rd:58: file link ‘BDgraph’ in package ‘BDgraph’ does not exist and so has been treated as a topic
Rd warning: /tmp/RtmpTFBVFf/R.INSTALL71f758de1e65/BDgraph/man/bdgraph.mpl.Rd:56: file link ‘BDgraph’ in package ‘BDgraph’ does not exist and so has been treated as a topic
Rd warning: /tmp/RtmpTFBVFf/R.INSTALL71f758de1e65/BDgraph/man/plot.graph.Rd:16: file link ‘igraph’ in package ‘igraph’ does not exist and so has been treated as a topic
Rd warning: /tmp/RtmpTFBVFf/R.INSTALL71f758de1e65/BDgraph/man/plot.graph.Rd:17: file link ‘igraph’ in package ‘igraph’ does not exist and so has been treated as a topic
Rd warning: /tmp/RtmpTFBVFf/R.INSTALL71f758de1e65/BDgraph/man/plot.graph.Rd:20: file link ‘igraph’ in package ‘igraph’ does not exist and so has been treated as a topic
Rd warning: /tmp/RtmpTFBVFf/R.INSTALL71f758de1e65/BDgraph/man/plot.graph.Rd:21: file link ‘igraph’ in package ‘igraph’ does not exist and so has been treated as a topic
Flavor: r-patched-linux-x86_64