CRAN Package Check Results for Package BCellMA

Last updated on 2020-05-24 23:47:39 CEST.

Flavor Version Tinstall Tcheck Ttotal Status Flags
r-devel-linux-x86_64-debian-clang 0.3.4 6.06 58.79 64.85 NOTE
r-devel-linux-x86_64-debian-gcc 0.3.4 4.95 43.96 48.91 NOTE
r-devel-linux-x86_64-fedora-clang 0.3.4 76.37 OK
r-devel-linux-x86_64-fedora-gcc 0.3.4 77.05 OK
r-devel-windows-ix86+x86_64 0.3.4 29.00 65.00 94.00 NOTE
r-patched-linux-x86_64 0.3.4 5.84 57.56 63.40 NOTE
r-patched-solaris-x86 0.3.4 111.70 OK
r-release-linux-x86_64 0.3.4 5.77 55.84 61.61 NOTE
r-release-osx-x86_64 0.3.4 OK
r-release-windows-ix86+x86_64 0.3.4 16.00 103.00 119.00 NOTE
r-oldrel-osx-x86_64 0.3.4 OK
r-oldrel-windows-ix86+x86_64 0.3.4 13.00 72.00 85.00 OK

Check Details

Version: 0.3.4
Check: package vignettes
Result: NOTE
    Package vignette with placeholder title 'Vignette Title':
     'vignette.Rmd'
Flavors: r-devel-linux-x86_64-debian-clang, r-devel-linux-x86_64-debian-gcc, r-devel-windows-ix86+x86_64, r-patched-linux-x86_64, r-release-linux-x86_64, r-release-windows-ix86+x86_64