CRAN Package Check Results for Package BCellMA

Last updated on 2019-10-20 23:47:20 CEST.

Flavor Version Tinstall Tcheck Ttotal Status Flags
r-devel-linux-x86_64-debian-clang 0.3.4 5.40 51.13 56.53 NOTE
r-devel-linux-x86_64-debian-gcc 0.3.4 4.12 39.44 43.56 NOTE
r-devel-linux-x86_64-fedora-clang 0.3.4 67.72 OK
r-devel-linux-x86_64-fedora-gcc 0.3.4 68.01 OK
r-devel-windows-ix86+x86_64 0.3.4 12.00 59.00 71.00 NOTE
r-patched-linux-x86_64 0.3.4 4.68 48.96 53.64 OK
r-patched-solaris-x86 0.3.4 99.80 OK
r-release-linux-x86_64 0.3.4 5.09 49.59 54.68 OK
r-release-windows-ix86+x86_64 0.3.4 16.00 64.00 80.00 OK
r-release-osx-x86_64 0.3.4 OK
r-oldrel-windows-ix86+x86_64 0.3.4 6.00 59.00 65.00 OK
r-oldrel-osx-x86_64 0.3.4 OK

Check Details

Version: 0.3.4
Check: package vignettes
Result: NOTE
    Package vignette with placeholder title 'Vignette Title':
     'vignette.Rmd'
Flavors: r-devel-linux-x86_64-debian-clang, r-devel-linux-x86_64-debian-gcc, r-devel-windows-ix86+x86_64