Last updated on 2022-05-24 23:53:02 CEST.
Flavor | Version | Tinstall | Tcheck | Ttotal | Status | Flags |
---|---|---|---|---|---|---|
r-devel-linux-x86_64-debian-clang | 2.4.1 | 15.88 | 225.88 | 241.76 | NOTE | |
r-devel-linux-x86_64-debian-gcc | 2.4.1 | 12.18 | 163.43 | 175.61 | NOTE | |
r-devel-linux-x86_64-fedora-clang | 2.4.1 | 281.57 | OK | |||
r-devel-linux-x86_64-fedora-gcc | 2.4.1 | 298.33 | OK | |||
r-devel-windows-x86_64 | 2.4.1 | 62.00 | 242.00 | 304.00 | NOTE | |
r-patched-linux-x86_64 | 2.4.1 | 13.25 | 209.42 | 222.67 | NOTE | |
r-release-linux-x86_64 | 2.4.1 | NOTE | ||||
r-release-macos-arm64 | 2.4.1 | 101.00 | NOTE | |||
r-release-macos-x86_64 | 2.4.1 | 7.00 | ERROR | |||
r-release-windows-x86_64 | 2.4.1 | 62.00 | 249.00 | 311.00 | NOTE | |
r-oldrel-macos-arm64 | 2.4.1 | 69.00 | NOTE | |||
r-oldrel-macos-x86_64 | 2.4.1 | 105.00 | NOTE | |||
r-oldrel-windows-ix86+x86_64 | 2.4.1 | 32.00 | 255.00 | 287.00 | OK |
Version: 2.4.1
Check: package dependencies
Result: NOTE
Package suggested but not available for checking: 'INLA'
Flavors: r-devel-linux-x86_64-debian-clang, r-devel-linux-x86_64-debian-gcc, r-devel-windows-x86_64, r-patched-linux-x86_64, r-release-linux-x86_64, r-release-macos-arm64, r-release-windows-x86_64, r-oldrel-macos-arm64, r-oldrel-macos-x86_64
Version: 2.4.1
Check: package dependencies
Result: ERROR
Package required but not available: ‘GrassmannOptim’
Package suggested but not available for checking: ‘INLA’
See section ‘The DESCRIPTION file’ in the ‘Writing R Extensions’
manual.
Flavor: r-release-macos-x86_64