Last updated on 2023-06-09 00:54:16 CEST.
Flavor | Version | Tinstall | Tcheck | Ttotal | Status | Flags |
---|---|---|---|---|---|---|
r-devel-linux-x86_64-debian-clang | 1.0.0 | 109.33 | 261.20 | 370.53 | NOTE | |
r-devel-linux-x86_64-debian-gcc | 1.0.0 | 87.51 | 186.94 | 274.45 | NOTE | |
r-devel-linux-x86_64-fedora-clang | 1.0.0 | 471.39 | NOTE | |||
r-devel-linux-x86_64-fedora-gcc | 1.0.0 | 481.15 | NOTE | |||
r-devel-windows-x86_64 | 1.0.0 | 78.00 | 240.00 | 318.00 | NOTE | |
r-patched-linux-x86_64 | 1.0.0 | 91.80 | 237.06 | 328.86 | NOTE | |
r-release-linux-x86_64 | 1.0.0 | 81.79 | 238.72 | 320.51 | NOTE | |
r-release-macos-arm64 | 1.0.0 | 7.00 | ERROR | |||
r-release-macos-x86_64 | 1.0.0 | 6.00 | ERROR | |||
r-release-windows-x86_64 | 1.0.0 | 106.00 | 259.00 | 365.00 | NOTE | |
r-oldrel-macos-arm64 | 1.0.0 | 9.00 | ERROR | |||
r-oldrel-macos-x86_64 | 1.0.0 | 9.00 | ERROR | |||
r-oldrel-windows-x86_64 | 1.0.0 | 99.00 | 259.00 | 358.00 | NOTE |
Version: 1.0.0
Check: C++ specification
Result: NOTE
Specified C++11: please drop specification unless essential
Flavors: r-devel-linux-x86_64-debian-clang, r-devel-linux-x86_64-debian-gcc, r-devel-linux-x86_64-fedora-clang, r-devel-linux-x86_64-fedora-gcc, r-devel-windows-x86_64, r-patched-linux-x86_64, r-release-linux-x86_64, r-release-windows-x86_64
Version: 1.0.0
Check: installed package size
Result: NOTE
installed size is 5.2Mb
sub-directories of 1Mb or more:
doc 1.2Mb
extdata 3.3Mb
Flavors: r-devel-linux-x86_64-fedora-clang, r-devel-windows-x86_64, r-release-windows-x86_64, r-oldrel-windows-x86_64
Version: 1.0.0
Check: package dependencies
Result: ERROR
Package required but not available: ‘mixAK’
See section ‘The DESCRIPTION file’ in the ‘Writing R Extensions’
manual.
Flavors: r-release-macos-arm64, r-release-macos-x86_64, r-oldrel-macos-arm64, r-oldrel-macos-x86_64