CRAN Package Check Results for Package AzureStor

Last updated on 2019-06-07 02:50:43 CEST.

Flavor Version Tinstall Tcheck Ttotal Status Flags
r-devel-linux-x86_64-debian-clang 2.0.2 5.46 33.26 38.72 OK
r-devel-linux-x86_64-debian-gcc 2.0.2 3.77 27.03 30.80 OK
r-devel-linux-x86_64-fedora-clang 2.0.2 47.56 NOTE
r-devel-linux-x86_64-fedora-gcc 2.0.2 45.12 NOTE
r-devel-windows-ix86+x86_64 2.0.2 12.00 68.00 80.00 OK
r-patched-linux-x86_64 2.0.2 4.52 33.84 38.36 OK
r-patched-solaris-x86 2.0.2 69.50 NOTE
r-release-linux-x86_64 2.0.2 5.02 33.81 38.83 OK
r-release-windows-ix86+x86_64 2.0.2 14.00 74.00 88.00 OK
r-release-osx-x86_64 2.0.2 NOTE
r-oldrel-windows-ix86+x86_64 2.0.2 7.00 49.00 56.00 OK
r-oldrel-osx-x86_64 2.0.2 NOTE

Check Details

Version: 2.0.2
Check: dependencies in R code
Result: NOTE
    Namespace in Imports field not imported from: ‘R6’
     All declared Imports should be used.
Flavors: r-devel-linux-x86_64-fedora-clang, r-devel-linux-x86_64-fedora-gcc, r-patched-solaris-x86, r-release-osx-x86_64, r-oldrel-osx-x86_64