CRAN Package Check Results for Package AzureKeyVault

Last updated on 2019-07-15 00:50:21 CEST.

Flavor Version Tinstall Tcheck Ttotal Status Flags
r-devel-linux-x86_64-debian-clang 1.0.0 9.46 27.02 36.48 OK
r-devel-linux-x86_64-debian-gcc 1.0.0 7.74 21.83 29.57 OK
r-devel-linux-x86_64-fedora-clang 1.0.0 44.89 NOTE
r-devel-linux-x86_64-fedora-gcc 1.0.0 44.56 NOTE
r-devel-windows-ix86+x86_64 1.0.0 13.00 47.00 60.00 OK
r-patched-linux-x86_64 1.0.0 10.47 26.61 37.08 OK
r-patched-solaris-x86 1.0.0 70.10 NOTE
r-release-linux-x86_64 1.0.0 8.82 26.39 35.21 OK
r-release-windows-ix86+x86_64 1.0.0 12.00 40.00 52.00 OK
r-release-osx-x86_64 1.0.0 NOTE
r-oldrel-windows-ix86+x86_64 1.0.0 16.00 52.00 68.00 OK
r-oldrel-osx-x86_64 1.0.0 NOTE

Check Details

Version: 1.0.0
Check: dependencies in R code
Result: NOTE
    Namespaces in Imports field not imported from:
     ‘R6’ ‘jose’ ‘jsonlite’ ‘openssl’
     All declared Imports should be used.
Flavors: r-devel-linux-x86_64-fedora-clang, r-devel-linux-x86_64-fedora-gcc, r-patched-solaris-x86, r-release-osx-x86_64, r-oldrel-osx-x86_64