CRAN Package Check Results for Package AzureKeyVault

Last updated on 2019-10-20 23:47:19 CEST.

Flavor Version Tinstall Tcheck Ttotal Status Flags
r-devel-linux-x86_64-debian-clang 1.0.2 11.33 26.20 37.53 OK
r-devel-linux-x86_64-debian-gcc 1.0.2 8.55 21.40 29.95 OK
r-devel-linux-x86_64-fedora-clang 1.0.2 45.70 NOTE
r-devel-linux-x86_64-fedora-gcc 1.0.2 26.33 NOTE
r-devel-windows-ix86+x86_64 1.0.2 14.00 43.00 57.00 OK
r-patched-linux-x86_64 1.0.2 8.99 26.07 35.06 OK
r-patched-solaris-x86 1.0.2 62.70 NOTE
r-release-linux-x86_64 1.0.2 10.89 26.84 37.73 OK
r-release-windows-ix86+x86_64 1.0.2 17.00 60.00 77.00 OK
r-release-osx-x86_64 1.0.2 NOTE
r-oldrel-windows-ix86+x86_64 1.0.2 12.00 37.00 49.00 OK
r-oldrel-osx-x86_64 1.0.2 NOTE

Check Details

Version: 1.0.2
Check: dependencies in R code
Result: NOTE
    Namespaces in Imports field not imported from:
     ‘R6’ ‘jose’ ‘openssl’
     All declared Imports should be used.
Flavors: r-devel-linux-x86_64-fedora-clang, r-devel-linux-x86_64-fedora-gcc, r-patched-solaris-x86, r-release-osx-x86_64, r-oldrel-osx-x86_64