CRAN Package Check Results for Package AtmChile

Last updated on 2024-06-25 00:57:52 CEST.

Flavor Version Tinstall Tcheck Ttotal Status Flags
r-devel-linux-x86_64-debian-clang 1.0.1 6.44 45.31 51.75 OK
r-devel-linux-x86_64-debian-gcc 1.0.1 4.87 33.23 38.10 OK
r-devel-linux-x86_64-fedora-clang 1.0.1 65.29 NOTE
r-devel-linux-x86_64-fedora-gcc 1.0.1 59.11 NOTE
r-devel-windows-x86_64 1.0.1 7.00 57.00 64.00 OK
r-patched-linux-x86_64 1.0.1 5.03 43.33 48.36 OK
r-release-linux-x86_64 1.0.1 4.01 42.14 46.15 OK
r-release-macos-arm64 1.0.1 38.00 OK
r-release-macos-x86_64 1.0.1 43.00 OK
r-release-windows-x86_64 1.0.1 8.00 58.00 66.00 OK
r-oldrel-macos-arm64 1.0.1 30.00 OK
r-oldrel-macos-x86_64 1.0.1 41.00 OK
r-oldrel-windows-x86_64 1.0.1 8.00 60.00 68.00 OK

Check Details

Version: 1.0.1
Check: dependencies in R code
Result: NOTE Namespaces in Imports field not imported from: ‘DT’ ‘lubridate’ ‘openair’ ‘plotly’ All declared Imports should be used. Flavors: r-devel-linux-x86_64-fedora-clang, r-devel-linux-x86_64-fedora-gcc