CRAN Package Check Results for Package Anthropometry

Last updated on 2021-02-23 23:50:28 CET.

Flavor Version Tinstall Tcheck Ttotal Status Flags
r-devel-linux-x86_64-debian-clang 1.14 16.84 138.73 155.57 OK
r-devel-linux-x86_64-debian-gcc 1.14 11.72 104.96 116.68 OK
r-devel-linux-x86_64-fedora-clang 1.14 192.85 OK
r-devel-linux-x86_64-fedora-gcc 1.14 195.59 OK
r-devel-windows-ix86+x86_64 1.14 26.00 171.00 197.00 OK
r-patched-linux-x86_64 1.14 16.17 130.50 146.67 OK
r-patched-solaris-x86 1.14 237.20 OK
r-release-linux-x86_64 1.14 15.88 130.32 146.20 OK
r-release-macos-x86_64 1.14 OK
r-release-windows-ix86+x86_64 1.14 35.00 220.00 255.00 OK
r-oldrel-macos-x86_64 1.14 WARN
r-oldrel-windows-ix86+x86_64 1.14 19.00 212.00 231.00 OK

Check Details

Version: 1.14
Check: whether package can be installed
Result: WARN
    Found the following significant warnings:
     Warning: 'rgl.init' failed, running with 'rgl.useNULL = TRUE'.
Flavor: r-oldrel-macos-x86_64