Last updated on 2019-12-08 23:47:15 CET.
Flavor | Version | Tinstall | Tcheck | Ttotal | Status | Flags |
---|---|---|---|---|---|---|
r-devel-linux-x86_64-debian-clang | 1.2 | 4.51 | 39.61 | 44.12 | NOTE | |
r-devel-linux-x86_64-debian-gcc | 1.2 | 3.73 | 30.89 | 34.62 | NOTE | |
r-devel-linux-x86_64-fedora-clang | 1.2 | 54.47 | NOTE | |||
r-devel-linux-x86_64-fedora-gcc | 1.2 | 51.33 | NOTE | |||
r-devel-windows-ix86+x86_64 | 1.2 | 11.00 | 49.00 | 60.00 | OK | |
r-devel-windows-ix86+x86_64-gcc8 | 1.2 | 11.00 | 52.00 | 63.00 | OK | |
r-patched-linux-x86_64 | 1.2 | 3.67 | 36.37 | 40.04 | OK | |
r-patched-solaris-x86 | 1.2 | 110.40 | NOTE | |||
r-release-linux-x86_64 | 1.2 | 3.87 | 35.23 | 39.10 | OK | |
r-release-windows-ix86+x86_64 | 1.2 | 10.00 | 57.00 | 67.00 | OK | |
r-release-osx-x86_64 | 1.2 | NOTE | ||||
r-oldrel-windows-ix86+x86_64 | 1.2 | 4.00 | 54.00 | 58.00 | OK | |
r-oldrel-osx-x86_64 | 1.2 | NOTE |
Version: 1.2
Check: for non-standard things in the check directory
Result: NOTE
Found the following files/directories:
'Pindoba_domicilios.dbf' 'Pindoba_geo.dbf'
Flavors: r-devel-linux-x86_64-debian-clang, r-devel-linux-x86_64-debian-gcc, r-devel-linux-x86_64-fedora-clang, r-devel-linux-x86_64-fedora-gcc
Version: 1.2
Check: data for non-ASCII characters
Result: NOTE
Note: found 2380 marked UTF-8 strings
Flavors: r-devel-linux-x86_64-fedora-clang, r-devel-linux-x86_64-fedora-gcc, r-patched-solaris-x86, r-release-osx-x86_64, r-oldrel-osx-x86_64