CRAN Package Check Results for Package AlphaSimR

Last updated on 2019-07-22 06:47:32 CEST.

Flavor Version Tinstall Tcheck Ttotal Status Flags
r-devel-linux-x86_64-debian-clang 0.10.0 225.49 149.74 375.23 OK
r-devel-linux-x86_64-debian-gcc 0.10.0 189.40 125.74 315.14 OK
r-devel-linux-x86_64-fedora-clang 0.10.0 596.18 NOTE
r-devel-linux-x86_64-fedora-gcc 0.10.0 541.23 OK
r-devel-windows-ix86+x86_64 0.10.0 419.00 147.00 566.00 OK
r-patched-linux-x86_64 0.10.0 218.30 149.48 367.78 OK
r-patched-solaris-x86 0.10.0 551.00 OK
r-release-linux-x86_64 0.10.0 215.16 146.64 361.80 OK
r-release-windows-ix86+x86_64 0.10.0 438.00 143.00 581.00 OK
r-release-osx-x86_64 0.10.0 NOTE
r-oldrel-windows-ix86+x86_64 0.10.0 583.00 189.00 772.00 OK
r-oldrel-osx-x86_64 0.10.0 NOTE

Check Details

Version: 0.10.0
Check: installed package size
Result: NOTE
     installed size is 15.5Mb
     sub-directories of 1Mb or more:
     libs 14.9Mb
Flavors: r-devel-linux-x86_64-fedora-clang, r-release-osx-x86_64, r-oldrel-osx-x86_64