CRAN Package Check Results for Package AlphaSimR

Last updated on 2019-12-08 23:47:15 CET.

Flavor Version Tinstall Tcheck Ttotal Status Flags
r-devel-linux-x86_64-debian-clang 0.11.0 253.29 76.80 330.09 OK
r-devel-linux-x86_64-debian-gcc 0.11.0 182.26 60.78 243.04 OK
r-devel-linux-x86_64-fedora-clang 0.11.0 474.06 NOTE
r-devel-linux-x86_64-fedora-gcc 0.11.0 454.45 OK
r-devel-windows-ix86+x86_64 0.11.0 488.00 118.00 606.00 OK
r-devel-windows-ix86+x86_64-gcc8 0.11.0 507.00 121.00 628.00 NOTE
r-patched-linux-x86_64 0.11.0 209.85 71.69 281.54 OK
r-patched-solaris-x86 0.11.0 405.40 OK
r-release-linux-x86_64 0.11.0 205.38 70.74 276.12 OK
r-release-windows-ix86+x86_64 0.11.0 566.00 118.00 684.00 OK
r-release-osx-x86_64 0.11.0 NOTE
r-oldrel-windows-ix86+x86_64 0.11.0 411.00 108.00 519.00 OK
r-oldrel-osx-x86_64 0.11.0 NOTE

Check Details

Version: 0.11.0
Check: installed package size
Result: NOTE
     installed size is 18.4Mb
     sub-directories of 1Mb or more:
     libs 17.4Mb
Flavors: r-devel-linux-x86_64-fedora-clang, r-devel-windows-ix86+x86_64-gcc8, r-release-osx-x86_64, r-oldrel-osx-x86_64