CRAN Package Check Results for Package AgroR

Last updated on 2022-06-30 23:52:07 CEST.

Flavor Version Tinstall Tcheck Ttotal Status Flags
r-devel-linux-x86_64-debian-clang 1.3.0 64.41 411.07 475.48 OK
r-devel-linux-x86_64-debian-gcc 1.3.0 53.86 295.30 349.16 OK
r-devel-linux-x86_64-fedora-clang 1.3.0 568.03 WARN
r-devel-linux-x86_64-fedora-gcc 1.3.0 562.61 WARN
r-devel-windows-x86_64 1.3.0 86.00 402.00 488.00 OK
r-patched-linux-x86_64 1.3.0 61.61 389.23 450.84 OK
r-release-linux-x86_64 1.3.0 65.46 388.34 453.80 OK
r-release-macos-arm64 1.3.0 91.00 OK
r-release-macos-x86_64 1.3.0 172.00 OK
r-release-windows-x86_64 1.3.0 68.00 412.00 480.00 OK
r-oldrel-macos-arm64 1.3.0 89.00 OK
r-oldrel-macos-x86_64 1.3.0 165.00 OK
r-oldrel-windows-ix86+x86_64 1.3.0 109.00 422.00 531.00 OK

Check Details

Version: 1.3.0
Check: package dependencies
Result: WARN
    Requires orphaned package: ‘gtools’
Flavors: r-devel-linux-x86_64-fedora-clang, r-devel-linux-x86_64-fedora-gcc