CRAN Package Check Results for Package ASMap

Last updated on 2019-05-19 02:46:20 CEST.

Flavor Version Tinstall Tcheck Ttotal Status Flags
r-devel-linux-x86_64-debian-clang 1.0-4 25.62 382.50 408.12 OK
r-devel-linux-x86_64-debian-gcc 1.0-4 17.76 359.83 377.59 OK
r-devel-linux-x86_64-fedora-clang 1.0-4 506.11 OK
r-devel-linux-x86_64-fedora-gcc 1.0-4 570.28 OK
r-devel-windows-ix86+x86_64 1.0-4 63.00 89.00 152.00 OK --no-examples --no-tests --no-vignettes
r-patched-linux-x86_64 1.0-4 20.49 429.70 450.19 OK
r-patched-solaris-x86 1.0-4 2175.60 WARN
r-release-linux-x86_64 1.0-4 23.42 420.01 443.43 OK
r-release-windows-ix86+x86_64 1.0-4 65.00 131.00 196.00 OK --no-examples --no-tests --no-vignettes
r-release-osx-x86_64 1.0-4 OK
r-oldrel-windows-ix86+x86_64 1.0-4 61.00 126.00 187.00 OK --no-examples --no-tests --no-vignettes
r-oldrel-osx-x86_64 1.0-4 OK

Check Details

Version: 1.0-4
Check: re-building of vignette outputs
Result: WARN
    Error(s) in re-building vignettes:
     ...
    --- re-building ‘asmapvignette.Rnw’ using knitr
    Warning in summary.cross(cross) :
     Some markers at the same position on chr 1B1,1D,2B,2D1,3A,3B,3D,4A,5A,5B,5D,6D,7A,7B,7D; use jittermap().
    Warning in summary.cross(cross) :
     Some chromosomes > 1000 cM in length; there may be a problem with the genetic map.
     (Perhaps it is in basepairs?)
    Warning in summary.cross(cross) :
     Some markers at the same position on chr L.1,L.2,L.3,L.4,L.5,L.6,L.7,L.8,L.9; use jittermap().
    Warning in heatMap(mapBC6, chr = c("L.3", "L.5", "L.8", "L.9"), lmax = 70) :
     Running est.rf.
    Warning in summary.cross(cross) :
     Some markers at the same position on chr L.1,L.2,L.3,L.4,L.5,L.6,L.7; use jittermap().
Flavor: r-patched-solaris-x86