CRAN Package Check Results for Package ARCokrig

Last updated on 2022-11-29 22:53:30 CET.

Flavor Version Tinstall Tcheck Ttotal Status Flags
r-devel-linux-x86_64-debian-clang 0.1.2 80.07 81.30 161.37 OK
r-devel-linux-x86_64-debian-gcc 0.1.2 61.13 61.12 122.25 OK
r-devel-linux-x86_64-fedora-clang 0.1.2 222.19 OK
r-devel-linux-x86_64-fedora-gcc 0.1.2 223.42 OK
r-devel-windows-x86_64 0.1.2 63.00 129.00 192.00 OK
r-patched-linux-x86_64 0.1.2 71.28 78.00 149.28 OK
r-release-linux-x86_64 0.1.2 65.79 78.72 144.51 OK
r-release-macos-arm64 0.1.2 52.00 NOTE
r-release-macos-x86_64 0.1.2 70.00 NOTE
r-release-windows-x86_64 0.1.2 69.00 146.00 215.00 OK
r-oldrel-macos-arm64 0.1.2 45.00 NOTE
r-oldrel-macos-x86_64 0.1.2 66.00 NOTE
r-oldrel-windows-ix86+x86_64 0.1.2 160.00 137.00 297.00 OK

Check Details

Version: 0.1.2
Check: installed package size
Result: NOTE
     installed size is 18.2Mb
     sub-directories of 1Mb or more:
     libs 17.9Mb
Flavors: r-release-macos-arm64, r-release-macos-x86_64, r-oldrel-macos-arm64, r-oldrel-macos-x86_64