Last updated on 2023-03-20 00:53:59 CET.
Flavor | Version | Tinstall | Tcheck | Ttotal | Status | Flags |
---|---|---|---|---|---|---|
r-devel-linux-x86_64-debian-clang | 1.0.2 | NOTE | ||||
r-devel-linux-x86_64-debian-gcc | 1.0.2 | 9.05 | 98.04 | 107.09 | NOTE | |
r-devel-linux-x86_64-fedora-clang | 1.0.2 | 182.58 | NOTE | |||
r-devel-linux-x86_64-fedora-gcc | 1.0.2 | 210.05 | NOTE | |||
r-devel-windows-x86_64 | 1.0.2 | 56.00 | 168.00 | 224.00 | NOTE | |
r-patched-linux-x86_64 | 1.0.2 | 12.68 | 127.75 | 140.43 | OK | |
r-release-linux-x86_64 | 1.0.2 | 13.35 | 127.89 | 141.24 | OK | |
r-release-macos-arm64 | 1.0.2 | 54.00 | NOTE | |||
r-release-macos-x86_64 | 1.0.2 | 80.00 | NOTE | |||
r-release-windows-x86_64 | 1.0.2 | 54.00 | 193.00 | 247.00 | NOTE | |
r-oldrel-macos-arm64 | 1.0.2 | 77.00 | NOTE | |||
r-oldrel-macos-x86_64 | 1.0.2 | 121.00 | NOTE | |||
r-oldrel-windows-ix86+x86_64 | 1.0.2 | 25.00 | 183.00 | 208.00 | NOTE |
Version: 1.0.2
Check: Rd files
Result: NOTE
checkRd: (-1) AQuadtree-package.Rd:11: Escaped LaTeX specials: \$
Flavors: r-devel-linux-x86_64-debian-clang, r-devel-linux-x86_64-debian-gcc, r-devel-linux-x86_64-fedora-clang, r-devel-linux-x86_64-fedora-gcc, r-devel-windows-x86_64
Version: 1.0.2
Check: installed package size
Result: NOTE
installed size is 5.1Mb
sub-directories of 1Mb or more:
data 3.8Mb
Flavors: r-devel-linux-x86_64-fedora-clang, r-devel-windows-x86_64, r-release-macos-arm64, r-release-macos-x86_64, r-release-windows-x86_64, r-oldrel-macos-arm64, r-oldrel-macos-x86_64, r-oldrel-windows-ix86+x86_64