Last updated on 2022-05-27 23:54:40 CEST.
Flavor | Version | Tinstall | Tcheck | Ttotal | Status | Flags |
---|---|---|---|---|---|---|
r-devel-linux-x86_64-debian-clang | 2.3-1 | 71.35 | 409.55 | 480.90 | OK | |
r-devel-linux-x86_64-debian-gcc | 2.3-1 | 61.40 | 300.91 | 362.31 | OK | |
r-devel-linux-x86_64-fedora-clang | 2.3-1 | 582.35 | NOTE | |||
r-devel-linux-x86_64-fedora-gcc | 2.3-1 | 591.50 | OK | |||
r-devel-windows-x86_64 | 2.3-1 | 235.00 | 398.00 | 633.00 | OK | |
r-patched-linux-x86_64 | 2.3-1 | 75.28 | 391.11 | 466.39 | OK | |
r-release-linux-x86_64 | 2.3-1 | 77.44 | 393.28 | 470.72 | OK | |
r-release-macos-arm64 | 2.3-1 | 182.00 | OK | |||
r-release-macos-x86_64 | 2.3-1 | 320.00 | NOTE | |||
r-release-windows-x86_64 | 2.3-1 | 254.00 | 404.00 | 658.00 | OK | |
r-oldrel-macos-arm64 | 2.3-1 | 161.00 | NOTE | |||
r-oldrel-macos-x86_64 | 2.3-1 | 331.00 | OK | |||
r-oldrel-windows-ix86+x86_64 | 2.3-1 | 126.00 | 392.00 | 518.00 | OK |
Version: 2.3-1
Check: Rd cross-references
Result: NOTE
Undeclared packages ‘multcomp’, ‘gmodels’ in Rd xrefs
Flavor: r-devel-linux-x86_64-fedora-clang
Version: 2.3-1
Check: package dependencies
Result: NOTE
Packages suggested but not available for checking: 'R2jags', 'jagsUI'
Flavors: r-release-macos-x86_64, r-oldrel-macos-arm64