CRAN Package Check Results for Package AHMbook

Last updated on 2022-12-02 23:50:22 CET.

Flavor Version Tinstall Tcheck Ttotal Status Flags
r-devel-linux-x86_64-debian-clang 0.2.6 43.77 447.25 491.02 NOTE
r-devel-linux-x86_64-debian-gcc 0.2.6 35.43 324.82 360.25 NOTE
r-devel-linux-x86_64-fedora-clang 0.2.6 633.06 NOTE
r-devel-linux-x86_64-fedora-gcc 0.2.6 631.46 NOTE
r-devel-windows-x86_64 0.2.6 85.00 528.00 613.00 OK
r-patched-linux-x86_64 0.2.6 45.95 422.40 468.35 NOTE
r-release-linux-x86_64 0.2.6 45.09 432.16 477.25 NOTE
r-release-macos-arm64 0.2.6 116.00 OK
r-release-macos-x86_64 0.2.6 179.00 OK
r-release-windows-x86_64 0.2.6 99.00 512.00 611.00 OK
r-oldrel-macos-arm64 0.2.6 94.00 OK
r-oldrel-macos-x86_64 0.2.6 170.00 OK
r-oldrel-windows-ix86+x86_64 0.2.6 91.00 474.00 565.00 OK

Check Details

Version: 0.2.6
Check: package dependencies
Result: NOTE
    Package suggested but not available for checking: 'RandomFields'
Flavors: r-devel-linux-x86_64-debian-clang, r-devel-linux-x86_64-debian-gcc, r-devel-linux-x86_64-fedora-clang, r-devel-linux-x86_64-fedora-gcc, r-patched-linux-x86_64, r-release-linux-x86_64