CRAN Package Check Results for Package ADMMsigma

Last updated on 2022-11-26 23:58:09 CET.

Flavor Version Tinstall Tcheck Ttotal Status Flags
r-devel-linux-x86_64-debian-clang 2.1 80.72 70.14 150.86 NOTE
r-devel-linux-x86_64-debian-gcc 2.1 65.35 52.46 117.81 NOTE
r-devel-linux-x86_64-fedora-clang 2.1 237.30 NOTE
r-devel-linux-x86_64-fedora-gcc 2.1 232.56 NOTE
r-devel-windows-x86_64 2.1 171.00 146.00 317.00 NOTE
r-patched-linux-x86_64 2.1 NOTE
r-release-linux-x86_64 2.1 66.55 75.31 141.86 NOTE
r-release-macos-arm64 2.1 71.00 NOTE
r-release-macos-x86_64 2.1 88.00 NOTE
r-release-windows-x86_64 2.1 332.00 159.00 491.00 NOTE
r-oldrel-macos-arm64 2.1 83.00 NOTE
r-oldrel-macos-x86_64 2.1 97.00 NOTE
r-oldrel-windows-ix86+x86_64 2.1 198.00 159.00 357.00 NOTE

Check Details

Version: 2.1
Check: LazyData
Result: NOTE
     'LazyData' is specified without a 'data' directory
Flavors: r-devel-linux-x86_64-debian-clang, r-devel-linux-x86_64-debian-gcc, r-devel-linux-x86_64-fedora-clang, r-devel-linux-x86_64-fedora-gcc, r-devel-windows-x86_64, r-patched-linux-x86_64, r-release-linux-x86_64, r-release-macos-arm64, r-release-macos-x86_64, r-release-windows-x86_64, r-oldrel-macos-arm64, r-oldrel-macos-x86_64, r-oldrel-windows-ix86+x86_64

Version: 2.1
Check: installed package size
Result: NOTE
     installed size is 5.0Mb
     sub-directories of 1Mb or more:
     libs 4.0Mb
Flavor: r-oldrel-macos-arm64