CRAN Package Check Results for Package ADCT

Last updated on 2023-10-04 00:58:16 CEST.

Flavor Version Tinstall Tcheck Ttotal Status Flags
r-devel-linux-x86_64-debian-clang 0.1.0 1.89 29.06 30.95 NOTE
r-devel-linux-x86_64-debian-gcc 0.1.0 1.41 22.03 23.44 NOTE
r-devel-linux-x86_64-fedora-clang 0.1.0 39.10 NOTE
r-devel-linux-x86_64-fedora-gcc 0.1.0 37.33 NOTE
r-devel-windows-x86_64 0.1.0 2.00 45.00 47.00 NOTE
r-patched-linux-x86_64 0.1.0 2.16 27.36 29.52 NOTE
r-release-linux-x86_64 0.1.0 1.76 28.67 30.43 NOTE
r-release-macos-arm64 0.1.0 17.00 NOTE
r-release-macos-x86_64 0.1.0 23.00 NOTE
r-release-windows-x86_64 0.1.0 3.00 45.00 48.00 NOTE
r-oldrel-macos-arm64 0.1.0 21.00 NOTE
r-oldrel-macos-x86_64 0.1.0 24.00 NOTE
r-oldrel-windows-x86_64 0.1.0 3.00 48.00 51.00 NOTE

Check Details

Version: 0.1.0
Check: LazyData
Result: NOTE
     'LazyData' is specified without a 'data' directory
Flavors: r-devel-linux-x86_64-debian-clang, r-devel-linux-x86_64-debian-gcc, r-devel-linux-x86_64-fedora-clang, r-devel-linux-x86_64-fedora-gcc, r-devel-windows-x86_64, r-patched-linux-x86_64, r-release-linux-x86_64, r-release-macos-arm64, r-release-macos-x86_64, r-release-windows-x86_64, r-oldrel-macos-arm64, r-oldrel-macos-x86_64, r-oldrel-windows-x86_64

Version: 0.1.0
Check: package dependencies
Result: NOTE
    Package suggested but not available for checking: ‘clinfun’
Flavor: r-release-macos-x86_64